e the first derivative of -1/4*v**4 - v - 1/3*v**3 - 1 - 1/2*v**2. Give w(-2).
5
Let z be ((-2)/(-1)*-3)/(-1). Let w(l) = 0*l - 1 - l + z. Let h be w(8). Let m(t) = 3*t + 4. What is m(h)?
-5
Let b(z) = z**3 - 5*z**2 - 4*z - 4. Let s(l) = l**2 + l + 1. Let p(m) = b(m) + 4*s(m). Calculate p(-1).
-2
Let j(h) = h**2 - 2 + 7*h**2 - 3*h - 7*h**2. Determine j(-2).
8
Let p(n) = -32*n - n**3 + 18*n + 6 + 16*n - 7*n**2. What is p(-7)?
-8
Let i(c) = 4*c - 2. Let x(k) = k**3 + 7*k**2 + 8*k + 14. Let y be x(-6). Give i(y).
6
Let d be (-63)/(-14) + 1/(-2). Let w be d/(1*(3 - 1)). Let f(m) = 2*m**2 - 6*m**w + 3*m + m**3 - 4 + 0*m. Calculate f(3).
-4
Let h = -14 - -19. Let v(g) = 4*g**2 - h + 1 - g**3 - 3*g + 2. Determine v(4).
-14
Let b(k) = 4*k + 3. Let n be (-42)/24 + (-1)/4. Give b(n).
-5
Let n(m) = 6*m**2 + m. Suppose 0 = 5*t - 0*t. Let p be -4 + 1 + t - -2. Give n(p).
5
Let c = -4 - -3. Let h = c + -1. Let m be 0 - -5*h/(-2). Let l(n) = n**2 - 4*n - 5. Determine l(m).
0
Suppose -g + 3*i - 23 = -8, 4*i - 20 = 4*g. Suppose g = b - 3*b + 4*m + 2, b - 3*m + 4 = 0. Let l = -10 + b. Let j(d) = d - 1. Give j(l).
0
Let s(d) be the third derivative of d**7/2520 + d**6/720 + d**5/20 - 2*d**2. Let p(o) be the third derivative of s(o). Calculate p(-1).
-1
Suppose 6*y = 2*l + y + 6, 5*l - 4*y = 2. Let f(v) = 6*v - 2. Determine f(l).
10
Let v(o) = -o**2 + 5*o - 4. Let y(d) be the second derivative of -d**4/12 - 5*d**3/6 - 3*d**2/2 + 10*d. Let i be y(-2). Give v(i).
2
Let s(i) = i**2 + 9 + 0*i**3 - 3 + i**3. Calculate s(0).
6
Suppose 4*c - s + 15 = 2*s, 2*c + 2*s = 10. Let z(r) be the second derivative of -1/6*r**4 + c - r + r**3 - r**2. Give z(4).
-10
Let u(m) = -m**2 + 2*m - 2. Let b be ((-12)/(-10) - 4/20)*3. Give u(b).
-5
Let j(k) = k**2 + 8*k - 1. Let b(z) = z. Let q(m) = 5*b(m) - j(m). Suppose 5*i - g + 5 = 0, -15 = -0*g + 3*g. Give q(i).
3
Let k(x) = -x - 10. Suppose 3*u - 1 = -2*l + 8, 4*l = -4*u + 12. What is k(l)?
-10
Let r(i) = 5*i**3 + 2*i**2 + 3*i - 2. Let n(t) = -3*t**3 - t**2 - 2*t + 1. Let p(s) = -7*n(s) - 4*r(s). What is p(2)?
9
Let g(o) = -o + 0*o + o**2 + 3*o + 3. Suppose -3*r - 6 = -2*r. Let v = r + 4. Calculate g(v).
3
Let g be (-3)/(3/1) + -5. Let a(r) be the third derivative of -r**6/120 - 7*r**5/60 - r**4/4 - r**3/3 - 2*r**2. What is a(g)?
-2
Suppose -45 = -4*z - 13. Let p(i) = i**3 - 8*i**2 + i + 1. What is p(z)?
9
Let r(z) = 9*z**3 + 7*z**2 - 9*z + 2. Let l(f) = -5*f**3 - 3*f**2 + 4*f - 1. Let j(u) = 9*l(u) + 4*r(u). Calculate j(1).
-9
Let r = -53 + 58. Let m(k) = k**2 - 7*k + 1. Calculate m(r).
-9
Let i(l) be the third derivative of -l**6/60 - l**4/12 - l**3/6 + l**2. Let t(m) = m**2 - 7*m + 7. Let s be t(5). Let v = -4 - s. Calculate i(v).
3
Let d(t) = -t**2 - 5*t + 10. Suppose 3*y = y - s - 18, 0 = -2*y + 2*s - 6. Give d(y).
-4
Let f(g) = 44*g + 54*g + 7 - 150*g + 53*g. What is f(0)?
7
Suppose -5 = 3*n - 17. Let r(c) be the third derivative of -1/60*c**5 + 0*c - 1/2*c**3 + 1/24*c**n + c**2 + 0. Calculate r(3).
-9
Let l be 1*0/(-3) - 2. Let z be l/6 - 11/3. Let b(f) be the second derivative of -f**5/20 - 5*f**4/12 - 5*f**3/6 - f**2 - f. Calculate b(z).
2
Let w(f) be the first derivative of -3*f**2/2 - 1. Suppose 3*i = 4*q + 5, 5*i - 2*q = q + 12. What is w(i)?
-9
Let o(z) be the second derivative of -z**2 + 3*z + 0 + 1/6*z**3. What is o(5)?
3
Let o(q) = q - 13 - q**2 + 19 - q**3 + 5*q - q. Let g(w) = -w**3 - w**2 + 4*w + 5. Let h(n) = -4*g(n) + 3*o(n). What is h(0)?
-2
Let d(i) = 2*i - 11. Let a(t) = -t + 10. Let j(z) = 3*a(z) + 2*d(z). Determine j(-9).
-1
Let d(q) = q**2 + 5*q - 18. Let r be d(-8). Let w(g) = -5*g + 4*g - g + 9. Give w(r).
-3
Suppose -12 = 4*n, 4*m - 5*n - 11 = 5*m. Let k(z) = z - 7*z + 3*z + m. Suppose 0 = 3*l - 7 - 2. Give k(l).
-5
Let j(o) be the third derivative of -o**6/120 + o**5/15 + o**4/12 - 5*o**3/6 - 10*o**2. Let v = 8 - 4. Give j(v).
3
Let w(x) be the first derivative of -10/3*x**3 + 0*x**2 - 6 + 0*x. Calculate w(1).
-10
Let m(g) = -g + 1. Let p(x) = 7. Let c(b) = b + 1. Suppose -4*a - a - 5 = 0. Let o(s) = a*p(s) + 5*c(s). Let q(t) = 6*m(t) + o(t). Determine q(-3).
7
Let f(c) = -c**3 - 5*c**2 - 4*c - 2. Let h(q) = 5*q + 1. Let g be h(1). Suppose -3*y + g*y = 0. Let p = y - 4. Give f(p).
-2
Let h(s) = 6*s - 2*s - 3*s**3 + 2*s - 1 + 4*s**3 - 7*s**2. What is h(6)?
-1
Let a(b) = -6*b - 24. Let g be a(-7). Let z be (-8)/3*(-27)/g. Let t(s) = 2*s - 3. What is t(z)?
5
Let v(c) = c**2 + 18*c + 26. Let s be v(-16). Let h(l) = l**3 + 6*l**2 + l + 2. What is h(s)?
-4
Let j(x) = 3*x**2 - x - 1. Let d(a) = -a + 4. Let f be d(10). Let u be f/(-8) - (-14)/(-8). Determine j(u).
3
Let u(i) = i**3 - 12*i**2 - 11*i - 32. Let q be u(13). Let f(m) = 2*m + 6. What is f(q)?
-6
Let n be 3 + 2 + -2*1. Let v(m) = m**2 - 9*m + 7*m - n - 2. Determine v(4).
3
Let v(t) = -2*t**2 + 4*t - 2. Suppose 9 + 19 = 7*w. What is v(w)?
-18
Let o(r) = -4*r**2 + 0*r**2 + 4 + 66*r**3 - 65*r**3 + r + r. Determine o(4).
12
Let t(j) = j**3 - 6*j**2 - j. Let x = -3 - -15. Suppose -3*m + x = -m. Give t(m).
-6
Let z = -79 + 74. Let o(a) = -a**3 - 6*a**2 - 3*a - 4. Determine o(z).
-14
Let d(j) = -2*j. Let t(x) = x**3 - 3*x**2 - 2*x - 5. Let z be t(4). Suppose -o - 2 + z = 0. Determine d(o).
-2
Let o(i) = i + 7. Suppose -4*f - 3*l = -23, 3*l - 6*l = 2*f - 19. Suppose -6*z - 88 = -17*z. Suppose -g - 32 = 5*w - f*g, 0 = -4*g + z. Calculate o(w).
1
Let r(l) = -9*l + 8*l + 0*l + 0*l + 18. Give r(0).
18
Suppose u + 5 = -3*m, 3*u - 8 = -2*u - 4*m. Suppose -t + u = 1. Let x(n) = -n + 1. Let y(q) = 4*q - 2. Let s(r) = -5*x(r) - y(r). Calculate s(t).
0
Let a(p) = -3*p + 1. Let y(i) = 2*i - 11. Let w be y(8). Suppose -4*f + 16 = -6*t + 2*t, -2*t = w*f + 15. Give a(f).
4
Let h be (-2)/1 - (4 + -3 - 3). Let b(t) = -t**3 + t. What is b(h)?
0
Suppose 3*t + 6 = 28*c - 27*c, -3*c + 4*t - 2 = 0. Let m(j) = -2*j + 12. Let s(u) = u - 12. Let p(y) = -2*m(y) - 3*s(y). Calculate p(c).
6
Let t(o) be the first derivative of -o**2/2 - 2*o - 3. Let u(d) = d**3 + 6*d**2 - 4. Let w be u(-6). Give t(w).
2
Let h(l) be the second derivative of -l**5/20 + l**4/2 - l**3/3 + 3*l**2 - 6*l. Give h(6).
-6
Let n(y) = -y**2 + 6*y - 1. Let q = -36 - -42. Determine n(q).
-1
Suppose 5*d = -i - 30, -2*d - 35 = 5*i - 0*d. Let z(t) = 5*t**2 + 12*t + 7. Let p(l) = -9*l**2 - 23*l - 14. Let o(c) = -4*p(c) - 7*z(c). Determine o(i).
-8
Let m(u) = -u**2 - 5*u + 4. Let r(t) = -t**3 - 2*t**2 + t + 2. Let v be r(-2). Suppose 4*d + c - 4*c + 25 = v, c = 5*d + 23. Give m(d).
8
Let x(o) be the third derivative of -4*o**2 + 0*o - 1/24*o**4 + 0 - 2/3*o**3. Let r(u) = -5. Let a(h) = 5*r(h) - 6*x(h). Calculate a(1).
5
Let r(f) be the first derivative of f**4/8 + 5*f**3/6 - f**2/2 + 5. Let u(g) be the second derivative of r(g). Calculate u(-4).
-7
Let x be (1/(-1))/(-1)*1. Suppose -c = -0*c + x. Let i(r) = -7*r**3 - 1. Give i(c).
6
Let h(i) = 3*i + 3. Suppose 0 = 2*s - 7*s + 30. Let n = s - 4. Let a be n/(-3) - (-7)/(-3). Give h(a).
-6
Let o(l) = l**3 + 5*l**2 + 4*l + 3. Let i(r) = -r**3 - 2*r**2 - r - 2. Let d be i(0). Give o(d).
7
Let m(o) = o**2 - 3*o - 3. Suppose -5*z + 56 - 21 = 0. Let n = -13 + z. Let l = 11 + n. Calculate m(l).
7
Let f be 48/(-9) - 3/(-9). Let c(y) = -4*y - 1. Let x(d) = -d. Let g(w) = c(w) - 3*x(w). What is g(f)?
4
Let s(h) be the third derivative of 0 - 1/12*h**5 + h**2 - 1/6*h**3 + 0*h + 1/24*h**4. Let a be (1/(-3))/((-2)/6). Give s(a).
-5
Let u(r) = -2*r**2 + 3*r**2 + 5 + 2*r**2 - 4*r - r**2. What is u(2)?
5
Let l be (-1 + (-4 - -4))*-3. Let f(r) be the second derivative of 1/12*r**4 + 0*r**2 - 1/3*r**l + r + 0. Calculate f(2).
0
Let c(l) be the first derivative of -1/2*l**2 + 1/2*l**3 - 1/8*l**4 + 3 + 0*l. Let n(k) be the second derivative of c(k). What is n(4)?
-9
Let l(n) = -3*n**3 - 3*n**2 + 6*n - 3. Let q(r) = 10*r**3 + 10*r**2 - 19*r + 10. Let h(z) = 7*l(z) + 2*q(z). Give h(-3).
5
Let d(h) = -h - 1. Let t(j) = -21*j - 18. Let w(p) = -18*d(p) + t(p). Let v(a) = -a**2 - 6*a - 3. Let r be v(-2). Calculate w(r).
-15
Let n(b) = 2*b**2 - 4*b + 2. Suppose 0 = -4*s + 2 + 26. Suppose 4 = 3*w + w. Suppose 2*l + 5*q = 4, -3*l + s = 4*q + w. Determine n(l).
2
Suppose -3*d = -5*h + 23, 2*d + 2*h + 33 = 7. Let c(b) = 0*b + 1 + 3*b - 5*b. Let v(z) = z - 1. Let j(q) = d*v(q) - 6*c(q). Determine j(0)